the prime factors of 26817.
3, 7, 1277
List the prime factors of 2789.
2789
List the prime factors of 9117.
3, 1013
List the prime factors of 15899.
13, 1223
What are the prime factors of 16732?
2, 47, 89
List the prime factors of 8185.
5, 1637
What are the prime factors of 64869?
3, 7, 3089
List the prime factors of 78.
2, 3, 13
What are the prime factors of 62003?
62003
What are the prime factors of 3923?
3923
What are the prime factors of 78669?
3, 8741
What are the prime factors of 1447?
1447
What are the prime factors of 7480?
2, 5, 11, 17
List the prime factors of 8082.
2, 3, 449
What are the prime factors of 1180?
2, 5, 59
List the prime factors of 36095.
5, 7219
List the prime factors of 33192.
2, 3, 461
What are the prime factors of 121696?
2, 3803
What are the prime factors of 4192?
2, 131
What are the prime factors of 337?
337
What are the prime factors of 1085?
5, 7, 31
What are the prime factors of 6038?
2, 3019
List the prime factors of 91681.
17, 5393
What are the prime factors of 154133?
7, 97, 227
What are the prime factors of 42933?
3, 11, 1301
What are the prime factors of 39958?
2, 19979
What are the prime factors of 64129?
13, 4933
What are the prime factors of 2426?
2, 1213
List the prime factors of 1813.
7, 37
What are the prime factors of 289?
17
What are the prime factors of 1589?
7, 227
List the prime factors of 1608.
2, 3, 67
What are the prime factors of 2063?
2063
List the prime factors of 7446.
2, 3, 17, 73
List the prime factors of 8603.
7, 1229
List the prime factors of 1433.
1433
What are the prime factors of 1906?
2, 953
What are the prime factors of 84328?
2, 83, 127
What are the prime factors of 2955?
3, 5, 197
List the prime factors of 3185.
5, 7, 13
List the prime factors of 463.
463
What are the prime factors of 13431?
3, 11, 37
What are the prime factors of 24965?
5, 4993
List the prime factors of 6914.
2, 3457
List the prime factors of 205.
5, 41
What are the prime factors of 2431?
11, 13, 17
List the prime factors of 46812.
2, 3, 47, 83
What are the prime factors of 63579?
3, 21193
What are the prime factors of 16379?
11, 1489
What are the prime factors of 1263?
3, 421
List the prime factors of 981.
3, 109
List the prime factors of 4349.
4349
List the prime factors of 57688.
2, 7211
List the prime factors of 69672.
2, 3, 2903
List the prime factors of 22509.
3, 41, 61
List the prime factors of 33102.
2, 3, 613
List the prime factors of 1522.
2, 761
List the prime factors of 7611.
3, 43, 59
List the prime factors of 2714.
2, 23, 59
What are the prime factors of 91894?
2, 11, 4177
List the prime factors of 382.
2, 191
What are the prime factors of 1975?
5, 79
List the prime factors of 47636.
2, 11909
What are the prime factors of 4381?
13, 337
What are the prime factors of 947?
947
What are the prime factors of 10691?
10691
List the prime factors of 77422.
2, 38711
List the prime factors of 11880.
2, 3, 5, 11
List the prime factors of 535.
5, 107
List the prime factors of 51325.
5, 2053
What are the prime factors of 85705?
5, 61, 281
List the prime factors of 90375.
3, 5, 241
List the prime factors of 4287.
3, 1429
What are the prime factors of 35?
5, 7
What are the prime factors of 3041?
3041
What are the prime factors of 3992?
2, 499
List the prime factors of 145737.
3, 16193
What are the prime factors of 8539?
8539
List the prime factors of 956.
2, 239
List the prime factors of 813.
3, 271
What are the prime factors of 2633?
2633
What are the prime factors of 10625?
5, 17
What are the prime factors of 6676?
2, 1669
What are the prime factors of 18866?
2, 9433
List the prime factors of 222.
2, 3, 37
What are the prime factors of 82618?
2, 101, 409
What are the prime factors of 2459?
2459
List the prime factors of 6959.
6959
What are the prime factors of 71634?
2, 3, 11939
List the prime factors of 60130.
2, 5, 7, 859
List the prime factors of 6258.
2, 3, 7, 149
What are the prime factors of 488?
2, 61
What are the prime factors of 54416?
2, 19, 179
What are the prime factors of 9536?
2, 149
List the prime factors of 11357.
41, 277
List the prime factors of 6972.
2, 3, 7, 83
List the prime factors of 53787.
3, 17929
List the prime factors of 639.
3, 71
List the prime factors of 12338.
2, 31, 199
List the prime factors of 1025.
5, 41
List the prime factors of 77948.
2, 13, 1499
List the prime factors of 1493.
1493
What are the prime factors of 1125?
3, 5
What are the prime factors of 13797?
3, 7, 73
What are the prime factors of 1946?
2, 7, 139
What are the prime factors of 53503?
53503
List the prime factors of 479.
479
List the prime factors of 1158.
2, 3, 193
List the prime factors of 1002.
2, 3, 167
What are the prime factors of 458?
2, 229
List the prime factors of 1282.
2, 641
List the prime factors of 174544.
2, 10909
What are the prime factors of 5697?
3, 211
What are the prime factors of 214?
2, 107
List the prime factors of 1486.
2, 743
What are the prime factors of 74442?
2, 3, 19, 653
List the prime factors of 107456.
2, 23, 73
What are the prime factors of 14413?
7, 29, 71
What are the prime factors of 83384?
2, 7, 1489
List the prime factors of 10338.
2, 3, 1723
What are the prime factors of 461?
461
What are the prime factors of 3883?
11, 353
List the prime factors of 2552.
2, 11, 29
What are the prime factors of 3696?
2, 3, 7, 11
List the prime factors of 15598.
2, 11, 709
List the prime factors of 10106.
2, 31, 163
List the prime factors of 12821.
12821
What are the prime factors of 4405?
5, 881
What are the prime factors of 17278?
2, 53, 163
List the prime factors of 11116.
2, 7, 397
List the prime factors of 6346.
2, 19, 167
What are the prime factors of 8999?
8999
List the prime factors of 2427.
3, 809
What are the prime factors of 3027?
3, 1009
What are the prime factors of 10054?
2, 11, 457
List the prime factors of 1171.
1171
List the prime factors of 21319.
21319
List the prime factors of 887.
887
List the prime factors of 34683.
3, 11, 1051
List the prime factors of 2868.
2, 3, 239
What are the prime factors of 50?
2, 5
List the prime factors of 1993.
1993
What are the prime factors of 597?
3, 199
What are the prime factors of 18273?
3, 6091
What are the prime factors of 31712?
2, 991
List the prime factors of 794.
2, 397
List the prime factors of 872.
2, 109
List the prime factors of 5178.
2, 3, 863
List the prime factors of 24542.
2, 7, 1753
List the prime factors of 544.
2, 17
What are the prime factors of 73922?
2, 23, 1607
What are the prime factors of 124?
2, 31
What are the prime factors of 666?
2, 3, 37
What are the prime factors of 117116?
2, 19, 23, 67
List the prime factors of 1151.
1151
What are the prime factors of 5123?
47, 109
List the prime factors of 24950.
2, 5, 499
What are the prime factors of 31500?
2, 3, 5, 7
List the prime factors of 187729.
227, 827
List the prime factors of 957.
3, 11, 29
What are the prime factors of 32640?
2, 3, 5, 17
What are the prime factors of 68?
2, 17
What are the prime factors of 17946?
2, 3, 997
What are the prime factors of 441?
3, 7
What are the prime factors of 32126?
2, 16063
List the prime factors of 59218.
2, 29, 1021
What are the prime factors of 39462?
2, 3, 6577
What are the prime factors of 5777?
53, 109
List the prime factors of 6709.
6709
List the prime factors of 1505.
5, 7, 43
List the prime factors of 1069.
1069
What are the prime factors of 727?
727
What are the prime factors of 69?
3, 23
What are the prime factors of 133655?
5, 26731
What are the prime factors of 8414?
2, 7, 601
What are the prime factors of 111?
3, 37
What are the prime factors of 4217?
4217
What are the prime factors of 6572?
2, 31, 53
List the prime factors of 2358.
2, 3, 131
List the prime factors of 423.
3, 47
List the prime factors of 5521.
5521
What are the prime factors of 56912?
2, 3557
What are the prime factors of 192989?
59, 3271
List the prime factors of 38764.
2, 11, 881
List the prime factors of 41288.
2, 13, 397
List the prime factors of 788.
2, 197
List the prime factors of 1172.
2, 293
What are the prime factors of 276?
2, 3, 23
What are the prime factors of 345?
3, 5, 23
What are the prime factors of 4126?
2, 2063
List the prime factors of 984.
2, 3, 41
What are the prime factors of 2907?
3, 17, 19
List the prime factors 